e
Is 1009 prime?
True
Is 406499 prime?
True
Is 6189 prime?
False
Is 1229 a composite number?
False
Is 122923 a prime number?
False
Is 48613 a prime number?
False
Is 37255 composite?
True
Is 47563 prime?
True
Is 3683 composite?
True
Is 378523 prime?
True
Is 7711 a prime number?
False
Is 632197 prime?
False
Is 238318 a composite number?
True
Is 106409 a prime number?
False
Is 11731 prime?
True
Is 22285 prime?
False
Is 1397 composite?
True
Is 282959 a composite number?
False
Is 1268747 a prime number?
True
Is 17833 a composite number?
True
Is 121139 a composite number?
False
Is 217111 prime?
True
Is 832583 a prime number?
True
Is 182537 composite?
False
Is 1189 prime?
False
Is 21727 a prime number?
True
Is 23137 a composite number?
True
Is 4742 a composite number?
True
Is 10651 a composite number?
False
Is 32749 prime?
True
Is 69623 composite?
False
Is 1888099 a composite number?
True
Is 862 a composite number?
True
Is 21431 a composite number?
True
Is 949 a prime number?
False
Is 517261 prime?
True
Is 34313 composite?
False
Is 2566249 a composite number?
True
Is 6387 a prime number?
False
Is 12658 a prime number?
False
Is 626533 prime?
True
Is 26801 prime?
True
Is 31361 prime?
False
Is 263497 prime?
False
Is 41579 a prime number?
True
Is 143873 composite?
False
Is 5207 composite?
True
Is 282959 a prime number?
True
Is 92869 prime?
False
Is 474737 prime?
True
Is 1511 prime?
True
Is 74967 composite?
True
Is 2362 a prime number?
False
Is 490733 prime?
True
Is 119039 prime?
True
Is 55147 prime?
True
Is 13327 a prime number?
True
Is 195571 a composite number?
True
Is 8147 a composite number?
False
Is 366789 prime?
False
Is 206509 a prime number?
False
Is 114151 a prime number?
False
Is 3109 a composite number?
False
Is 12394 a prime number?
False
Is 76631 composite?
False
Is 641 prime?
True
Is 395 a prime number?
False
Is 2063 a composite number?
False
Is 2097727 prime?
True
Is 53 prime?
True
Is 206177 prime?
True
Is 7985 composite?
True
Is 5981 a prime number?
True
Is 169561 composite?
True
Is 10397 composite?
True
Is 249 prime?
False
Is 8999 a prime number?
True
Is 941791 a composite number?
False
Is 13801 prime?
False
Is 28993 prime?
False
Is 291091 a prime number?
False
Is 264314 prime?
False
Is 984031 composite?
True
Is 241091 prime?
False
Is 24607 composite?
True
Is 1009 a composite number?
False
Is 29899 prime?
False
Is 371 prime?
False
Is 67501 prime?
False
Is 700411 composite?
True
Is 7509 prime?
False
Is 110621 a composite number?
True
Is 25269 a prime number?
False
Is 9817 prime?
True
Is 13273 a prime number?
False
Is 271213 prime?
False
Is 84053 composite?
False
Is 383209 composite?
True
Is 12655 prime?
False
Is 1467829 prime?
False
Is 294418 a composite number?
True
Is 1639 a prime number?
False
Is 777313 a prime number?
True
Is 962726 a composite number?
True
Is 136103 a prime number?
False
Is 48311 a prime number?
True
Is 11677 a composite number?
False
Is 38903 composite?
False
Is 38351 a composite number?
False
Is 251659 composite?
True
Is 2309 composite?
False
Is 6247 a prime number?
True
Is 913247 composite?
False
Is 1049 a composite number?
False
Is 187699 a composite number?
False
Is 6053 a composite number?
False
Is 482057 a composite number?
True
Is 64507 prime?
False
Is 3511 a composite number?
False
Is 4817 a prime number?
True
Is 83537 a composite number?
False
Is 2443 prime?
False
Is 23357 a composite number?
False
Is 60121 prime?
False
Is 16447 a prime number?
True
Is 31015 composite?
True
Is 131993 a composite number?
True
Is 98803 a composite number?
True
Is 8314 a prime number?
False
Is 766903 prime?
False
Is 25067 a prime number?
False
Is 217769 prime?
False
Is 110041 a prime number?
False
Is 68062 a prime number?
False
Is 2117 prime?
False
Is 167771 a prime number?
True
Is 1453939 a composite number?
False
Is 1457 a prime number?
False
Is 60019 a composite number?
True
Is 6047 a composite number?
False
Is 89801 composite?
True
Is 738838 prime?
False
Is 32329 a composite number?
True
Is 7483 a prime number?
False
Is 80897 a prime number?
True
Is 2579 composite?
False
Is 685003 composite?
True
Is 36833 prime?
True
Is 789655 prime?
False
Is 254 a composite number?
True
Is 1777 composite?
False
Is 1274989 a prime number?
True
Is 7069 a prime number?
True
Is 3482 prime?
False
Is 29245 a composite number?
True
Is 5339 a composite number?
True
Is 85287 prime?
False
Is 3655599 composite?
True
Is 249955 prime?
False
Is 46313 prime?
False
Is 36973 a composite number?
False
Is 7121 prime?
True
Is 625039 composite?
True
Is 319471 composite?
True
Is 47251 composite?
False
Is 815 a composite number?
True
Is 5753 composite?
True
Is 77581 a prime number?
False
Is 10265 prime?
False
Is 64618 a prime number?
False
Is 24131 a prime number?
False
Is 12365 a composite number?
True
Is 50293 prime?
False
Is 17543 composite?
True
Is 25999 a composite number?
False
Is 1655 a composite number?
True
Is 203903 composite?
True
Is 8777 prime?
False
Is 119723 a prime number?
True
Is 1277 composite?
False
Is 635 a prime number?
False
Is 122339 prime?
False
Is 19301 prime?
True
Is 5042 a composite number?
True
Is 14141 composite?
True
Is 443683 a prime number?
False
Is 1961 a composite number?
True
Is 132581 a composite number?
True
Is 1637 a prime number?
True
Is 20257 prime?
False
Is 8434 prime?
False
Is 6637 composite?
False
Is 118819 a composite number?
False
Is 18771 a composite number?
True
Is 175549 a prime number?
False
Is 107981 a composite number?
False
Is 160183 composite?
False
Is 14107 prime?
True
Is 638081 prime?
True
Is 1420413 composite?
True
Is 456553 a composite number?
False
Is 674203 prime?
False
Is 31754 a prime number?
False
Is 9023 a composite number?
True
Is 4553 a composite number?
True
Is 58319 a prime number?
False
Is 91787 a composite number?
True
Is 21011 prime?
True
Is 19 a prime number?
True
Is 148805 a composite number?
True
Is 21647 a composite number?
False
Is 1810597 prime?
True
Is 80061 prime?
False
Is 41669 composite?
False
Is 213383 a prime number?
True
Is 9799 prime?
False
Is 145634 composite?
True
Is 39499 a composite number?
False
Is 1217 prime?
True
Is 29443 a prime number?
True
Is 168591 a composite number?
True
Is 2954203 a composite number?
True
Is 9969 prime?
False
Is 473 prime?
False
Is 420605 a prime number?
False
Is 186899 composite?
True
Is 131149 prime?
True
Is 369577 prime?
False
Is 122809 a prime number?
False
Is 3659 prime?
True
Is 18517 prime?
True
Is 990057 prime?
False
Is 15503 prime?
False
Is 67883 a composite number?
False
Is 41443 a composite number?
False
Is 3785 composite?
True
Is 102629 composite?
True
Is 128263 composite?
True
Is 84815 a prime number?
False
Is 21727 composite?
False
Is 739829 a composite number?
False
Is 59771 composite?
False
Is 284083 prime?
True
Is 125863 prime?
True
Is 58099 a composite number?
False
Is 7831 a prime number?
False
Is 3552967 a composite number?
True
Is 631133 prime?
True
Is 314614 prime?
False
Is 173773 composite?
False
Is 302683 a composite number?
True
Is 236993 prime?
True
Is 2039 prime?
True
Is 109211 a prime number?
True
Is 505949 composite?
False
Is 240257 a composite number?
False
Is 197419 prime?
True
Is 23367 composite?
True
Is 429823 a composite number?
False
Is 1921 composite?
True
Is 98711 a prime number?
True
Is 1481 composite?
False
Is 391661 a composite number?
False
Is 393659 a composite number?
True
Is 117449 composite?
True
Is 905561 a composite number?
True
Is 21647 a composite number?
False
Is 3660499 prime?
False
Is 207787 composite?
True
Is 1934 prime?
False
Is 1087897 a prime number?
True
Is 83471 composite?
False
Is 3793 a composite number?
False
Is 5006 a composite number?
True
Is 2814703 a composite number?
True
Is 4479 a composite number?
True
Is 18973 composite?
False
Is 63577 composite?
False
Is 1423715 a composite number?
True
Is 288043 composite?
True
Is 9671 composite?
True
Is 1617521 composite?
True
Is 108401 a composite number?
False
Is 865383 a composite number?
True
Is 3239 prime?
False
Is 40867 composite?
False
Is 259409 a prime number?
False
Is 2351 prime?
True
Is 5909 a prime number?
False
Is 11631 composite?
True
Is 249631 a prime number?
False
Is 7453 a prime number?
False
Is 40571 a composite number?
True